{"id":60,"date":"2022-09-22T14:50:17","date_gmt":"2022-09-22T11:50:17","guid":{"rendered":"http:\/\/bvg.lv\/?page_id=60"},"modified":"2022-09-22T14:56:31","modified_gmt":"2022-09-22T11:56:31","slug":"sikdatnu-politika","status":"publish","type":"page","link":"https:\/\/bvg.lv\/?page_id=60","title":{"rendered":"S\u012bkdat\u0146u politika"},"content":{"rendered":"<p>Balvu Valsts \u0123imn\u0101zijas \u00a0t\u012bmek\u013ca vietn\u0113 tiek izmantotas m\u016bsu un tre\u0161o pu\u0161u s\u012bkdatnes (ang\u013cu valod\u0101 \u201ecookies\u201d), lai nodro\u0161in\u0101tu\u00a0t\u0101s darb\u012bbu un pal\u012bdz\u0113tu uzlabot vietnes lieto\u0161anas pieredzi un kvalit\u0101ti.<\/p>\n<p>&nbsp;<\/p>\n<p>M\u0113s ap\u0146emamies nodro\u0161in\u0101t m\u016bsu t\u012bmek\u013ca vietnes\u00a0un t\u0101s\u00a0apmekl\u0113t\u0101ju personisk\u0101s inform\u0101cijas dro\u0161\u012bbu un ties\u012bbu aizsardz\u012bbu, kas tiek apstr\u0101d\u0101ta apmekl\u0113jot\u00a0m\u016bsu t\u012bmek\u013ca vietni un iepaz\u012bstoties ar t\u0101s saturu.<\/p>\n<p>&nbsp;<\/p>\n<p>S\u012bkdatne (\u201ecookies\u201d) ir neliela teksta datne, kas tiek nos\u016bt\u012bta un saglab\u0101ta J\u016bsu dator\u0101 vai mobilaj\u0101 ier\u012bc\u0113 t\u012bmek\u013ca vietnes apmekl\u0113\u0161an\u0101s laik\u0101 un ko t\u012bmek\u013ca vietne saglab\u0101 j\u016bsu dator\u0101 vai mobilaj\u0101 ier\u012bc\u0113, kad j\u016bs atverat vietni.\u00a0Katr\u0101 n\u0101kamaj\u0101 apmekl\u0113juma reiz\u0113 s\u012bkdatnes tiek nos\u016bt\u012btas atpaka\u013c uz izcelsmes vietni vai tre\u0161\u0101s puses vietni, kas atpaz\u012bst attiec\u012bgo s\u012bkdatni un \u013cauj vietnei atcer\u0113ties lietot\u0101ja izv\u0113l\u0113tos iestat\u012bjumus n\u0101kamaj\u0101s apmekl\u0113juma reiz\u0113s, lai katru reizi tie neb\u016btu j\u0101nor\u0101da no jauna. Papildu inform\u0101ciju par s\u012bkdatn\u0113m varat ieg\u016bt t\u012bmek\u013ca vietn\u0113\u00a0<a href=\"https:\/\/www.aboutcookies.org\/\">https:\/\/www.aboutcookies.org\/<\/a>. S\u012bkdatnes netiek izmantotas, lai j\u016bs personiski identific\u0113tu.<\/p>\n<p>&nbsp;<\/p>\n<p>Apmekl\u0113jot m\u016bsu t\u012bmek\u013ca vietni, m\u0113s uzkr\u0101jam un izmantojam tehnisk\u0101s (nepiecie\u0161am\u0101s) s\u012bkdatnes, kas ir nepiecie\u0161amas \u0161\u012bs t\u012bmek\u013ca vietnes funkcionalit\u0101tes nodro\u0161in\u0101\u0161anai.<\/p>\n<p>&nbsp;<\/p>\n<p>\u0145emot v\u0113r\u0101 J\u016bsu sniegto piekri\u0161anu, m\u016bsu t\u012bmek\u013ca vietn\u0113 var tikt apstr\u0101d\u0101tas anal\u012btisko un \/ vai statistikas s\u012bkdatnes, kas tiek izmantotas, lai mums pal\u012bdz\u0113tu uzlabot vietnes lieto\u0161anas pieredzi un kvalit\u0101ti, un \/ vai soci\u0101lo mediju s\u012bkdatnes, kas nepiecie\u0161amas, lai J\u016bs var\u0113tu dal\u012bties ar saturu soci\u0101lajos t\u012bklos. Jebkur\u0101 br\u012bd\u012b Jums ir ties\u012bbas attiekties no \u0161o s\u012bkdat\u0146u izmanto\u0161anas, noklik\u0161\u0137inot uz zem\u0101k min\u0113to izv\u0113li &#8220;Nepiekr\u012btu&#8221;:<\/p>\n<p>Ja v\u0113laties, J\u016bs varat ar\u012b s\u012bkdatnes kontrol\u0113t un izdz\u0113st. Inform\u0101ciju k\u0101 to izdar\u012bt varat izlas\u012bt t\u012bmek\u013ca vietn\u0113 <a href=\"https:\/\/www.aboutcookies.org\/\">https:\/\/www.aboutcookies.org\/<\/a>. J\u016bs varat izdz\u0113st visas s\u012bkdatnes, kuras ir J\u016bsu dator\u0101, un liel\u0101ko da\u013cu p\u0101rl\u016bkprogrammu var iestat\u012bt t\u0101, lai tiktu blo\u0137\u0113ta s\u012bkdat\u0146u ievieto\u0161ana dator\u0101. Ta\u010du t\u0101d\u0101 gad\u012bjum\u0101 Jums manu\u0101li b\u016bs j\u0101piel\u0101go iestat\u012bjumi ikreiz, kad apmekl\u0113siet t\u012bmek\u013ca vietni, un turkl\u0101t past\u0101v iesp\u0113jam\u012bba, ka da\u017ei pakalpojumi un funkcijas\u00a0nedarbosies.<\/p>\n<p>&nbsp;<\/p>\n<p>M\u016bsu t\u012bmek\u013ca vietn\u0113 tiek izmantotas \u0161\u0101das s\u012bkdatnes ar \u0161\u0101diem glab\u0101\u0161anas termi\u0146iem:<\/p>\n<p>&nbsp;<\/p>\n<p><strong><em>Tehnisk\u0101s (nepiecie\u0161am\u0101s) s\u012bkdatnes: <\/em><\/strong><\/p>\n<table width=\"0\">\n<tbody>\n<tr>\n<td width=\"112\"><strong>S\u012bkdatne<\/strong><\/td>\n<td width=\"85\"><strong>Dom\u0113ns<\/strong><\/td>\n<td width=\"142\"><strong>S\u012bkdatnes tips *<\/strong><\/td>\n<td width=\"144\"><strong>Nol\u016bks (apraksts)<\/strong><\/td>\n<td width=\"132\"><strong>Glab\u0101\u0161anas ilgums<\/strong><\/td>\n<\/tr>\n<tr>\n<td width=\"112\"><\/td>\n<td width=\"85\"><\/td>\n<td width=\"142\"><\/td>\n<td width=\"144\">&nbsp;<\/td>\n<td width=\"132\"><\/td>\n<\/tr>\n<tr>\n<td width=\"112\">cookielawinfo-checkbox-necessary<\/td>\n<td width=\"85\">bvg.lv<\/td>\n<td width=\"142\">Necessary<\/td>\n<td width=\"144\">Set by the GDPR Cookie Consent plugin, this cookie is used to record the user consent for the cookies in the &#8220;Necessary&#8221; category .<\/td>\n<td width=\"132\">1 year<\/td>\n<\/tr>\n<tr>\n<td width=\"112\">cookielawinfo-checkbox-functional<\/td>\n<td width=\"85\">bvg.lv<\/td>\n<td width=\"142\">Necessary<\/td>\n<td width=\"144\">The cookie is set by the GDPR Cookie Consent plugin to record the user consent for the cookies in the category &#8220;Functional&#8221;.<\/td>\n<td width=\"132\">1 year<\/td>\n<\/tr>\n<tr>\n<td width=\"112\">cookielawinfo-checkbox-performance<\/td>\n<td width=\"85\">bvg.lv<\/td>\n<td width=\"142\">Necessary<\/td>\n<td width=\"144\">Set by the GDPR Cookie Consent plugin, this cookie is used to store the user consent for cookies in the category &#8220;Performance&#8221;.<\/td>\n<td width=\"132\">1 year<\/td>\n<\/tr>\n<tr>\n<td width=\"112\">cookielawinfo-checkbox-analytics<\/td>\n<td width=\"85\">bvg.lv<\/td>\n<td width=\"142\">Necessary<\/td>\n<td width=\"144\">Set by the GDPR Cookie Consent plugin, this cookie is used to record the user consent for the cookies in the &#8220;Analytics&#8221; category .<\/td>\n<td width=\"132\">1 year<\/td>\n<\/tr>\n<tr>\n<td width=\"112\">cookielawinfo-checkbox-advertisement<\/td>\n<td width=\"85\">bvg.lv<\/td>\n<td width=\"142\">Necessary<\/td>\n<td width=\"144\">Set by the GDPR Cookie Consent plugin, this cookie is used to record the user consent for the cookies in the &#8220;Advertisement&#8221; category .<\/td>\n<td width=\"132\">1 year<\/td>\n<\/tr>\n<tr>\n<td width=\"112\">cookielawinfo-checkbox-others<\/td>\n<td width=\"85\">bvg.lv<\/td>\n<td width=\"142\">Necessary<\/td>\n<td width=\"144\">Set by the GDPR Cookie Consent plugin, this cookie is used to store the user consent for cookies in the category &#8220;Others&#8221;.<\/td>\n<td width=\"132\">1 year<\/td>\n<\/tr>\n<tr>\n<td width=\"112\"><\/td>\n<td width=\"85\"><\/td>\n<td width=\"142\"><\/td>\n<td width=\"144\">&nbsp;<\/td>\n<td width=\"132\"><\/td>\n<\/tr>\n<tr>\n<td width=\"112\"><\/td>\n<td width=\"85\"><\/td>\n<td width=\"142\"><\/td>\n<td width=\"144\">&nbsp;<\/td>\n<td width=\"132\"><\/td>\n<\/tr>\n<\/tbody>\n<\/table>\n<p>&nbsp;<\/p>\n<p><strong><em>Anal\u012btisk\u0101s (statistikas) s\u012bkdatnes: <\/em><\/strong><\/p>\n<p>&nbsp;<\/p>\n<table width=\"0\">\n<tbody>\n<tr>\n<td width=\"90\"><strong>S\u012bkdatne<\/strong><\/td>\n<td width=\"123\"><strong>Dom\u0113ns<\/strong><\/td>\n<td width=\"76\"><strong>S\u012bkdatnes tips *<\/strong><\/td>\n<td width=\"194\"><strong>Nol\u016bks (apraksts)<\/strong><\/td>\n<td width=\"132\"><strong>Glab\u0101\u0161anas ilgums<\/strong><\/td>\n<\/tr>\n<tr>\n<td width=\"90\"><\/td>\n<td width=\"123\"><\/td>\n<td width=\"76\"><\/td>\n<td width=\"194\"><\/td>\n<td width=\"132\"><\/td>\n<\/tr>\n<tr>\n<td width=\"90\"><\/td>\n<td width=\"123\"><\/td>\n<td width=\"76\"><\/td>\n<td width=\"194\"><\/td>\n<td width=\"132\"><\/td>\n<\/tr>\n<tr>\n<td width=\"90\"><\/td>\n<td width=\"123\"><\/td>\n<td width=\"76\"><\/td>\n<td width=\"194\"><\/td>\n<td width=\"132\"><\/td>\n<\/tr>\n<\/tbody>\n<\/table>\n<p>&nbsp;<\/p>\n<p><em>* &#8211; Pirm\u0101s puses s\u012bkdatnes tiek uzglab\u0101tas uz m\u016bsu t\u012bmek\u013ca vietnes infrastrukt\u016bras. T\u0101s iesp\u0113jams atpaz\u012bt p\u0113c m\u016bsu t\u012bmek\u013ca vietnes dom\u0113na nosaukuma. Savuk\u0101rt, tre\u0161\u0101s puses s\u012bkdatnes nepieder mums un \u0161\u0101du t\u012bmek\u013ca viet\u0146u dom\u0113na nosaukumi at\u0161\u0137iras no m\u016bsu t\u012bmek\u013ca vietnes dom\u0113na. t\u012bmek\u013ca vietni. <\/em><em>Par tre\u0161\u0101s puses s\u012bkdatn\u0113m un tre\u0161\u0101s puses s\u012bkdatnes P\u0101rzini vair\u0101k var uzzin\u0101t, apmekl\u0113jot attiec\u012bg\u0101s tre\u0161\u0101s personas interneta vietni. <\/em><em>M\u0113s izmantojam p\u0101rbaud\u012btas un uzticamas tre\u0161\u0101s puses, k\u0101 ar\u012b regul\u0101ri sekojam tre\u0161o pu\u0161u darb\u012bb\u0101m, lai nodro\u0161in\u0101tu pien\u0101c\u012bgu J\u016bsu personas datu dro\u0161\u012bbu. <\/em><\/p>\n<p>&nbsp;<\/p>\n<p>P\u0101rzinis augst\u0101k min\u0113to s\u012bkdat\u0146u apstr\u0101dei ir Balvu novada pa\u0161vald\u012bba. Adrese: B\u0113rzpils iel\u0101 1A, Balvi, Balvu novads, LV-4501, re\u0123istr\u0101cijas Nr. 90009115622, T\u0101lr. 64522453, epasts: dome@balvi.lv<\/p>\n<p>&nbsp;<\/p>\n<p>Ja jums ir k\u0101di jaut\u0101jumi, ierosin\u0101jumi vai s\u016bdz\u012bbas saist\u012bb\u0101 ar to, k\u0101 m\u0113s apstr\u0101d\u0101jam J\u016bsu s\u012bkdatnes, l\u016bdzam sazin\u0101ties ar mums. J\u016bs ir ties\u012bbas iesniegt s\u016bdz\u012bbu uzraudz\u012bbas iest\u0101dei &#8211; Datu valsts inspekcijai un \/ vai m\u016bsu nor\u012bkotajam datu aizsardz\u012bbas speci\u0101listam Raivim Gr\u016bbem (e-pasts: <a href=\"mailto:raivis@grubesbirojs.lv\">raivis@grubesbirojs.lv<\/a>).<\/p>\n<p>&nbsp;<\/p>\n<p>Mums ir ties\u012bbas jebkur\u0101 br\u012bd\u012b izmain\u012bt \u0161o S\u012bkdatnes politiku. Visas izmai\u0146as\u00a0S\u012bkdatnes politik\u0101 tiks public\u0113tas\u00a0m\u016bsu t\u012bmek\u013ca vietn\u0113.<\/p>\n","protected":false},"excerpt":{"rendered":"<p>Balvu Valsts \u0123imn\u0101zijas \u00a0t\u012bmek\u013ca vietn\u0113 tiek izmantotas m\u016bsu un tre\u0161o pu\u0161u s\u012bkdatnes (ang\u013cu valod\u0101 \u201ecookies\u201d), lai nodro\u0161in\u0101tu\u00a0t\u0101s darb\u012bbu un pal\u012bdz\u0113tu uzlabot vietnes lieto\u0161anas pieredzi un kvalit\u0101ti. &nbsp; M\u0113s ap\u0146emamies nodro\u0161in\u0101t m\u016bsu t\u012bmek\u013ca vietnes\u00a0un t\u0101s\u00a0apmekl\u0113t\u0101ju personisk\u0101s inform\u0101cijas dro\u0161\u012bbu un ties\u012bbu aizsardz\u012bbu, &hellip; <a href=\"https:\/\/bvg.lv\/?page_id=60\">Turpiniet las\u012bt <span class=\"meta-nav\">&rarr;<\/span><\/a><\/p>\n","protected":false},"author":1,"featured_media":0,"parent":0,"menu_order":0,"comment_status":"closed","ping_status":"closed","template":"","meta":{"ngg_post_thumbnail":0,"footnotes":""},"class_list":["post-60","page","type-page","status-publish","hentry"],"_links":{"self":[{"href":"https:\/\/bvg.lv\/index.php?rest_route=\/wp\/v2\/pages\/60","targetHints":{"allow":["GET"]}}],"collection":[{"href":"https:\/\/bvg.lv\/index.php?rest_route=\/wp\/v2\/pages"}],"about":[{"href":"https:\/\/bvg.lv\/index.php?rest_route=\/wp\/v2\/types\/page"}],"author":[{"embeddable":true,"href":"https:\/\/bvg.lv\/index.php?rest_route=\/wp\/v2\/users\/1"}],"replies":[{"embeddable":true,"href":"https:\/\/bvg.lv\/index.php?rest_route=%2Fwp%2Fv2%2Fcomments&post=60"}],"version-history":[{"count":2,"href":"https:\/\/bvg.lv\/index.php?rest_route=\/wp\/v2\/pages\/60\/revisions"}],"predecessor-version":[{"id":62,"href":"https:\/\/bvg.lv\/index.php?rest_route=\/wp\/v2\/pages\/60\/revisions\/62"}],"wp:attachment":[{"href":"https:\/\/bvg.lv\/index.php?rest_route=%2Fwp%2Fv2%2Fmedia&parent=60"}],"curies":[{"name":"wp","href":"https:\/\/api.w.org\/{rel}","templated":true}]}}