{"id":5511,"date":"2026-03-20T13:19:43","date_gmt":"2026-03-20T11:19:43","guid":{"rendered":"https:\/\/bvg.lv\/?page_id=5511"},"modified":"2026-03-20T15:06:43","modified_gmt":"2026-03-20T13:06:43","slug":"skola-kopiena","status":"publish","type":"page","link":"https:\/\/bvg.lv\/?page_id=5511","title":{"rendered":"&#8220;Skola &#8211; kopien\u0101&#8221;"},"content":{"rendered":"\n<p><strong>Balvu Valsts \u0123imn\u0101zij\u0101 tiek uzs\u0101kta projekta \u201eSkola \u2013 kopien\u0101\u201d \u012bsteno\u0161ana<\/strong><\/p>\n\n\n<div class=\"wp-block-image\">\n<figure class=\"alignleft size-large is-resized\"><img loading=\"lazy\" decoding=\"async\" width=\"1024\" height=\"1007\" src=\"https:\/\/bvg.lv\/wp-content\/uploads\/2026\/03\/208b3b40-93dd-47d0-9776-52e434d773ca-1024x1007.png\" alt=\"\" class=\"wp-image-5541\" style=\"aspect-ratio:1.0168848415860368;width:246px;height:auto\" srcset=\"https:\/\/bvg.lv\/wp-content\/uploads\/2026\/03\/208b3b40-93dd-47d0-9776-52e434d773ca-1024x1007.png 1024w, https:\/\/bvg.lv\/wp-content\/uploads\/2026\/03\/208b3b40-93dd-47d0-9776-52e434d773ca-300x295.png 300w, https:\/\/bvg.lv\/wp-content\/uploads\/2026\/03\/208b3b40-93dd-47d0-9776-52e434d773ca-768x755.png 768w, https:\/\/bvg.lv\/wp-content\/uploads\/2026\/03\/208b3b40-93dd-47d0-9776-52e434d773ca-1536x1510.png 1536w, https:\/\/bvg.lv\/wp-content\/uploads\/2026\/03\/208b3b40-93dd-47d0-9776-52e434d773ca-2048x2014.png 2048w\" sizes=\"auto, (max-width: 1024px) 100vw, 1024px\" \/><\/figure>\n<\/div>\n\n\n<p>Balvu Valsts \u0123imn\u0101zija ir viena no septi\u0146\u0101m Balvu novada izgl\u012bt\u012bbas iest\u0101d\u0113m, kura 2025.\/2026.m\u0101c\u012bbu gad\u0101 ir uzs\u0101kusi Eiropas Soci\u0101l\u0101 fonda Plus projekta \u201eSkola-kopien\u0101\u201d (Nr. 4.2.3.1\/1\/24\/I\/001) \u012bsteno\u0161anu, lai sniegtu m\u0113r\u0137tiec\u012bgu atbalstu ikvienam b\u0113rnam un jaunietim.<\/p>\n\n\n\n<p>Projekta m\u0113r\u0137is ir att\u012bst\u012bt integr\u0113tu skolas &#8211; kopienas jeb pa\u0161vald\u012bbas izgl\u012bt\u012bbas ekosist\u0113mas pieeju, veicinot starpinstit\u016bciju sadarb\u012bbu un izgl\u012btojam\u0101 vec\u0101ku (personu, kas realiz\u0113 aizg\u0101d\u012bbu) iesaisti izgl\u012bt\u012bbas proces\u0101, lai nodro\u0161in\u0101tu koordin\u0113tu r\u012bc\u012bbu soci\u0101l\u0101s atstumt\u012bbas un priek\u0161laic\u012bgas m\u0101c\u012bbu p\u0101rtrauk\u0161anas riska samazin\u0101\u0161anai izgl\u012btojamiem un sekm\u0113tu visp\u0101r\u0113j\u0101s pamatizgl\u012bt\u012bbas un vid\u0113j\u0101s izgl\u012bt\u012bbas satura apguvi.&nbsp;<\/p>\n\n\n\n<p>Projekta ietvaros uzs\u0101kti individu\u0101l\u0101 atbalsta pas\u0101kumi izgl\u012btojamajiem, kuriem ir konstat\u0113ts soci\u0101l\u0101s atstumt\u012bbas vai PMP risks. Atbalsts tiek sniegts projekt\u0101 iesaist\u012btajiem skol\u0113niem saska\u0146\u0101 ar izstr\u0101d\u0101tu individu\u0101lo atbalsta pl\u0101nu.<\/p>\n\n\n\n<p><em>Uzzi\u0146ai<\/em><\/p>\n\n\n\n<p>Projekta sadarb\u012bbas partneri ir Latvijas Republikas valstspils\u0113tu un novadu pa\u0161vald\u012bbas, valsts un valsts augstskolu dibin\u0101tas profesion\u0101l\u0101s izgl\u012bt\u012bbas iest\u0101des, valsts visp\u0101r\u0113j\u0101s izgl\u012bt\u012bbas iest\u0101des, valsts augstskolu dibin\u0101tas visp\u0101r\u0113j\u0101s izgl\u012bt\u012bbas iest\u0101des.<\/p>\n\n\n\n<p>Projekta kop\u0113jais finans\u0113jums: 29 545 252 EUR, tai skait\u0101 ESF+ finans\u0113jums &#8211; 25 113 464 EUR un valsts bud\u017eeta l\u012bdzfinans\u0113jums \u2013 4 431 788 EUR. Sadarb\u012bbas partneriem tiks novirz\u012bts finans\u0113jums 8 380 000 EUR apm\u0113r\u0101.&nbsp;<\/p>\n\n\n\n<p>Projekta \u012bsteno\u0161anas ilgums:&nbsp;2025. gada janv\u0101ris \u2013 2029. gada 31. augusts.&nbsp;\u0145emot v\u0113r\u0101 nosac\u012bjumus par izmaksu attiecin\u0101m\u012bbu, faktiskais projekta \u012bsteno\u0161anas laiks: 01.07.2024.-31.08.2029.<\/p>\n\n\n\n<p>Pla\u0161\u0101ka inform\u0101cija par projektu:&nbsp;<a href=\"https:\/\/skola-kopiena.lv\/\">https:\/\/skola-kopiena.lv\/<\/a><\/p>\n","protected":false},"excerpt":{"rendered":"<p>Balvu Valsts \u0123imn\u0101zij\u0101 tiek uzs\u0101kta projekta \u201eSkola \u2013 kopien\u0101\u201d \u012bsteno\u0161ana Balvu Valsts \u0123imn\u0101zija ir viena no septi\u0146\u0101m Balvu novada izgl\u012bt\u012bbas iest\u0101d\u0113m, kura 2025.\/2026.m\u0101c\u012bbu gad\u0101 ir uzs\u0101kusi Eiropas Soci\u0101l\u0101 fonda Plus projekta \u201eSkola-kopien\u0101\u201d (Nr. 4.2.3.1\/1\/24\/I\/001) \u012bsteno\u0161anu, lai sniegtu m\u0113r\u0137tiec\u012bgu atbalstu ikvienam &hellip; <a href=\"https:\/\/bvg.lv\/?page_id=5511\">Turpiniet las\u012bt <span class=\"meta-nav\">&rarr;<\/span><\/a><\/p>\n","protected":false},"author":1,"featured_media":0,"parent":0,"menu_order":0,"comment_status":"closed","ping_status":"closed","template":"","meta":{"ngg_post_thumbnail":0,"footnotes":""},"class_list":["post-5511","page","type-page","status-publish","hentry"],"_links":{"self":[{"href":"https:\/\/bvg.lv\/index.php?rest_route=\/wp\/v2\/pages\/5511","targetHints":{"allow":["GET"]}}],"collection":[{"href":"https:\/\/bvg.lv\/index.php?rest_route=\/wp\/v2\/pages"}],"about":[{"href":"https:\/\/bvg.lv\/index.php?rest_route=\/wp\/v2\/types\/page"}],"author":[{"embeddable":true,"href":"https:\/\/bvg.lv\/index.php?rest_route=\/wp\/v2\/users\/1"}],"replies":[{"embeddable":true,"href":"https:\/\/bvg.lv\/index.php?rest_route=%2Fwp%2Fv2%2Fcomments&post=5511"}],"version-history":[{"count":2,"href":"https:\/\/bvg.lv\/index.php?rest_route=\/wp\/v2\/pages\/5511\/revisions"}],"predecessor-version":[{"id":5542,"href":"https:\/\/bvg.lv\/index.php?rest_route=\/wp\/v2\/pages\/5511\/revisions\/5542"}],"wp:attachment":[{"href":"https:\/\/bvg.lv\/index.php?rest_route=%2Fwp%2Fv2%2Fmedia&parent=5511"}],"curies":[{"name":"wp","href":"https:\/\/api.w.org\/{rel}","templated":true}]}}