{"id":4904,"date":"2025-10-31T15:52:18","date_gmt":"2025-10-31T13:52:18","guid":{"rendered":"https:\/\/bvg.lv\/?page_id=4904"},"modified":"2025-10-31T16:06:03","modified_gmt":"2025-10-31T14:06:03","slug":"sasniegumi-novada-un-regiona-inicietajos-konkursos","status":"publish","type":"page","link":"https:\/\/bvg.lv\/?page_id=4904","title":{"rendered":"Sasniegumi novada un re\u0123iona inici\u0113tajos konkursos"},"content":{"rendered":"\n<figure class=\"wp-block-table alignright\"><table><tbody><tr><td><strong>Nr.p.k.<\/strong><\/td><td><strong>Nomin\u0101cija<\/strong><\/td><\/tr><tr><td>1.<\/td><td>8.a klases skolniece Egita Ozoli\u0146a ieguva augst\u0101ko pak\u0101pi novad\u0101 skatuves runas konkursa un 1.vietu re\u0123ion\u0101.<\/td><\/tr><tr><td>2.<\/td><td>\u0122imn\u0101zijas deju kolekt\u012bvs \u201eSudraba P\u016bce\u201d ieguva 1.pak\u0101pi 5. &#8211; 9. kla\u0161u grup\u0101.<\/td><\/tr><tr><td>3.<\/td><td>\u0122imn\u0101zijas 7. &#8211; 9. kla\u0161u meite\u0146u koris ieguvis augst\u0101ko pak\u0101pi koru repertu\u0101ra apguves konkurs\u0101, gatavojoties XIII Latvijas Skolu jaunatnes dziesmu un deju sv\u0113tkiem.<\/td><\/tr><tr><td>4.<\/td><td>\u0122imn\u0101zijas 7. &#8211; 12.kla\u0161u vok\u0101lais ansamblis ieguvis augst\u0101ko pak\u0101pi Vok\u0101l\u0101s m\u016bzikas konkurs\u0101 \u201eBalsis &#8211; 2025\u201d.<\/td><\/tr><tr><td>5.<\/td><td>Balvu novada izteiksm\u012bg\u0101s runas konkurs\u0101 \u201eDaba dzej\u0101\u201d 9.kla\u0161u grup\u0101 1. vietu ieguva D\u017eenija B\u0113rzi\u0146a.<\/td><\/tr><tr><td>6.<\/td><td>Balvu novada izteiksm\u012bg\u0101s runas konkurs\u0101&nbsp; \u201eDaba dzej\u0101\u201d 7.kla\u0161u grup\u0101 1. vietu ieguva Nellija Volnobajevai<\/td><\/tr><tr><td>7.<\/td><td>Balvu novada izteiksm\u012bg\u0101s runas konkurs\u0101 \u201eDaba dzej\u0101\u201d 8.kla\u0161u grup\u0101&nbsp; atzin\u012bbu&nbsp; ieguva Ketr\u012bna Razgale.<\/td><\/tr><tr><td>8.<\/td><td>Balvu novada visp\u0101rizgl\u012btojo\u0161o skolu izgl\u012btojamo rado\u0161u darbu konkurs\u0101 \u201eSv\u0113tku starojums\u201d sa\u0146emta 1.vieta&nbsp; 9.klases skolniecei Sintijai Trupovniecei.&nbsp;&nbsp;<\/td><\/tr><tr><td>9.<\/td><td>Balvu novada visp\u0101rizgl\u012btojo\u0161o skolu izgl\u012btojamo rado\u0161u darbu konkurs\u0101 \u201eSv\u0113tku starojums\u201d sa\u0146emta 1.vieta&nbsp; 9.klases skolniecei Keitai Zahar\u0101nei.<strong><\/strong><\/td><\/tr><tr><td>10.<\/td><td>Balvu novada visp\u0101rizgl\u012btojo\u0161o skolu izgl\u012btojamo rado\u0161u darbu konkurs\u0101 \u201eSv\u0113tku starojums\u201d sa\u0146emta 1.vieta 11.klases skolniecei Annijai Tilti\u0146ai.<strong><\/strong><\/td><\/tr><tr><td>11.<\/td><td>Balvu novada visp\u0101rizgl\u012btojo\u0161o skolu izgl\u012btojamo rado\u0161u darbu konkurs\u0101 \u201eSv\u0113tku starojums\u201d sa\u0146emta 1.vieta&nbsp; 11.klases skolniekam Edgaram Di\u010devskim.<strong><\/strong><\/td><\/tr><tr><td>12.<\/td><td>Balvu novada visp\u0101rizgl\u012btojo\u0161o skolu izgl\u012btojamo rado\u0161u darbu konkurs\u0101 \u201eSv\u0113tku starojums\u201d sa\u0146emta 2.vieta&nbsp; 8.klases skolniecei Ketr\u012bnai Razgalei.<strong><\/strong><\/td><\/tr><tr><td>13.<\/td><td>Balvu novada visp\u0101rizgl\u012btojo\u0161o skolu izgl\u012btojamo rado\u0161u darbu konkurs\u0101 \u201eSv\u0113tku starojums\u201d sa\u0146emta 2.vieta&nbsp; 8.klases skolniecei T\u012bnai Trupovniecei.<strong><\/strong><\/td><\/tr><tr><td>14.<\/td><td>Balvu novada visp\u0101rizgl\u012btojo\u0161o skolu izgl\u012btojamo rado\u0161u darbu konkurs\u0101 \u201eSv\u0113tku starojums\u201d sa\u0146emta 2.vieta&nbsp; 8.klases skolniecei R\u0113zijai Ozolai.<strong><\/strong><\/td><\/tr><tr><td>15.<\/td><td>Balvu novada visp\u0101rizgl\u012btojo\u0161o skolu izgl\u012btojamo rado\u0161u darbu konkurs\u0101 \u201eSv\u0113tku starojums\u201d sa\u0146emta 2.vieta&nbsp; 8.klases skolniecei El\u012bzai An\u010dai.<strong><\/strong><\/td><\/tr><tr><td>16.<\/td><td>Balvu novada visp\u0101rizgl\u012btojo\u0161o skolu izgl\u012btojamo rado\u0161u darbu konkurs\u0101 \u201eSv\u0113tku starojums\u201d sa\u0146emta 2.vieta&nbsp; 11.klases skolniecei Sindijai Saidei.<strong><\/strong><\/td><\/tr><tr><td>17.<\/td><td>Balvu novada visp\u0101rizgl\u012btojo\u0161o skolu izgl\u012btojamo rado\u0161u darbu konkurs\u0101 \u201eSv\u0113tku starojums\u201d sa\u0146emta 2.vieta&nbsp; 11.klases skolniekam Eduardam \u0136er\u0123im.<strong><\/strong><\/td><\/tr><tr><td>18.<\/td><td>Balvu novada visp\u0101rizgl\u012btojo\u0161o skolu izgl\u012btojamo rado\u0161u darbu konkurs\u0101 \u201eSv\u0113tku starojums\u201d sa\u0146emta 2.vieta&nbsp; 10.klases skolniecei Sab\u012bnei Lo\u010dmanei.<strong><\/strong><\/td><\/tr><tr><td>19.<\/td><td>Balvu novada visp\u0101rizgl\u012btojo\u0161o skolu izgl\u012btojamo rado\u0161u darbu konkurs\u0101 \u201eSv\u0113tku starojums\u201d sa\u0146emta 2.vieta&nbsp; 10.klases skolniecei Evel\u012bnai Odrijai Kozlovskai.<strong><\/strong><\/td><\/tr><tr><td>20.<\/td><td>Balvu novada visp\u0101rizgl\u012btojo\u0161o skolu izgl\u012btojamo rado\u0161u darbu konkurs\u0101 \u201eSv\u0113tku starojums\u201d sa\u0146emta 3.vieta&nbsp; 8.klases skolniekam Guntaram Salmanim.<strong><\/strong><\/td><\/tr><tr><td>21.<\/td><td>Balvu novada visp\u0101rizgl\u012btojo\u0161o skolu izgl\u012btojamo rado\u0161u darbu konkurs\u0101 \u201eSv\u0113tku starojums\u201d sa\u0146emta 3.vieta&nbsp; 8.klases skolniecei Elzai Elizabetei Sirmajai.<strong><\/strong><\/td><\/tr><tr><td>22.<\/td><td>Balvu novada visp\u0101rizgl\u012btojo\u0161o skolu izgl\u012btojamo rado\u0161u darbu konkurs\u0101 \u201eSv\u0113tku starojums\u201d sa\u0146emta atzin\u012bba&nbsp; 7.klases skolniecei Marijai Maslovskai<strong><\/strong><\/td><\/tr><tr><td>23.<\/td><td>Balvu novada visp\u0101rizgl\u012btojo\u0161o skolu izgl\u012btojamo rado\u0161u darbu konkurs\u0101 \u201eSv\u0113tku starojums\u201d sa\u0146emta atzin\u012bba&nbsp; 7.klases skolniecei Nat\u0101lijai Teodorovi\u010dai.<strong><\/strong><\/td><\/tr><tr><td>24.<\/td><td>Balvu novada visp\u0101rizgl\u012btojo\u0161o skolu izgl\u012btojamo rado\u0161u darbu konkurs\u0101 \u201eSv\u0113tku starojums\u201d sa\u0146emta atzin\u012bba&nbsp; 8.klases skolniecei Luisai Marijai Ozoli\u0146ai.&nbsp;<\/td><\/tr><tr><td>25.<\/td><td>Balvu novada visp\u0101rizgl\u012btojo\u0161o skolu izgl\u012btojamo rado\u0161u darbu konkurs\u0101 \u201eSv\u0113tku starojums\u201d sa\u0146emta atzin\u012bba&nbsp; 9.klases skolniecei Amandai Loginai.<strong><\/strong><\/td><\/tr><tr><td>26.<\/td><td>Balvu novada visp\u0101rizgl\u012btojo\u0161o skolu izgl\u012btojamo rado\u0161u darbu konkurs\u0101 \u201eSv\u0113tku starojums\u201d sa\u0146emta atzin\u012bba&nbsp; 9.klases skolniecei Val\u0113rijai Silinevi\u010dai.<strong><\/strong><\/td><\/tr><tr><td>27.<\/td><td>Balvu novada visp\u0101rizgl\u012btojo\u0161o skolu izgl\u012btojamo rado\u0161u darbu konkurs\u0101 \u201eSv\u0113tku starojums\u201d sa\u0146emta atzin\u012bba&nbsp; 10. .klases skolniecei Anetei Potapovai.<\/td><\/tr><tr><td>28.<\/td><td>SEB Skolu v\u0113stne\u0161u programm\u0101 ieg\u016bst 13. vietu Latvij\u0101 &#8211; Evel\u012bna Ka\u013cva un Evel\u012bna \u017duga.<\/td><\/tr><\/tbody><\/table><\/figure>\n","protected":false},"excerpt":{"rendered":"<p>Nr.p.k. Nomin\u0101cija 1. 8.a klases skolniece Egita Ozoli\u0146a ieguva augst\u0101ko pak\u0101pi novad\u0101 skatuves runas konkursa un 1.vietu re\u0123ion\u0101. 2. \u0122imn\u0101zijas deju kolekt\u012bvs \u201eSudraba P\u016bce\u201d ieguva 1.pak\u0101pi 5. &#8211; 9. kla\u0161u grup\u0101. 3. \u0122imn\u0101zijas 7. &#8211; 9. kla\u0161u meite\u0146u koris ieguvis &hellip; <a href=\"https:\/\/bvg.lv\/?page_id=4904\">Turpiniet las\u012bt <span class=\"meta-nav\">&rarr;<\/span><\/a><\/p>\n","protected":false},"author":1,"featured_media":0,"parent":0,"menu_order":0,"comment_status":"closed","ping_status":"closed","template":"","meta":{"ngg_post_thumbnail":0,"footnotes":""},"class_list":["post-4904","page","type-page","status-publish","hentry"],"_links":{"self":[{"href":"https:\/\/bvg.lv\/index.php?rest_route=\/wp\/v2\/pages\/4904","targetHints":{"allow":["GET"]}}],"collection":[{"href":"https:\/\/bvg.lv\/index.php?rest_route=\/wp\/v2\/pages"}],"about":[{"href":"https:\/\/bvg.lv\/index.php?rest_route=\/wp\/v2\/types\/page"}],"author":[{"embeddable":true,"href":"https:\/\/bvg.lv\/index.php?rest_route=\/wp\/v2\/users\/1"}],"replies":[{"embeddable":true,"href":"https:\/\/bvg.lv\/index.php?rest_route=%2Fwp%2Fv2%2Fcomments&post=4904"}],"version-history":[{"count":3,"href":"https:\/\/bvg.lv\/index.php?rest_route=\/wp\/v2\/pages\/4904\/revisions"}],"predecessor-version":[{"id":4910,"href":"https:\/\/bvg.lv\/index.php?rest_route=\/wp\/v2\/pages\/4904\/revisions\/4910"}],"wp:attachment":[{"href":"https:\/\/bvg.lv\/index.php?rest_route=%2Fwp%2Fv2%2Fmedia&parent=4904"}],"curies":[{"name":"wp","href":"https:\/\/api.w.org\/{rel}","templated":true}]}}