{"id":4343,"date":"2025-06-04T15:19:48","date_gmt":"2025-06-04T12:19:48","guid":{"rendered":"https:\/\/bvg.lv\/?page_id=4343"},"modified":"2025-06-04T15:19:48","modified_gmt":"2025-06-04T12:19:48","slug":"mecenatu-stipendiju-sanemeji","status":"publish","type":"page","link":"https:\/\/bvg.lv\/?page_id=4343","title":{"rendered":"Mecen\u0101tu stipendiju sa\u0146\u0113m\u0113ji"},"content":{"rendered":"\n<figure class=\"wp-block-table\"><table class=\"has-fixed-layout\"><tbody><tr><td>7.a klas\u0113<\/td><td>Marija Maslovska, Sofija Paula Timo\u0161enko<\/td><\/tr><tr><td>8.a klas\u0113<\/td><td>El\u012bza An\u010da<\/td><\/tr><tr><td>9.a klas\u0113<\/td><td>Edgars Bold\u0101ns, Patr\u012bcija \u0136irsone<\/td><\/tr><tr><td>9.c klas\u0113<\/td><td>Madara Gr\u017eibovska, Sintija Trupovniece, Keita Zahar\u0101ne<\/td><\/tr><tr><td>10.b klas\u0113<\/td><td>Patr\u012bcija Ivanova<\/td><\/tr><tr><td>11.b klas\u0113<\/td><td>J\u0101nis Jermac\u0101ns<\/td><\/tr><tr><td>12.b klas\u0113<\/td><td>Enija Bord\u0101ne, Sindija Raibekaze<\/td><\/tr><\/tbody><\/table><\/figure>\n","protected":false},"excerpt":{"rendered":"<p>7.a klas\u0113 Marija Maslovska, Sofija Paula Timo\u0161enko 8.a klas\u0113 El\u012bza An\u010da 9.a klas\u0113 Edgars Bold\u0101ns, Patr\u012bcija \u0136irsone 9.c klas\u0113 Madara Gr\u017eibovska, Sintija Trupovniece, Keita Zahar\u0101ne 10.b klas\u0113 Patr\u012bcija Ivanova 11.b klas\u0113 J\u0101nis Jermac\u0101ns 12.b klas\u0113 Enija Bord\u0101ne, Sindija Raibekaze<\/p>\n","protected":false},"author":1,"featured_media":0,"parent":0,"menu_order":0,"comment_status":"closed","ping_status":"closed","template":"","meta":{"ngg_post_thumbnail":0,"footnotes":""},"class_list":["post-4343","page","type-page","status-publish","hentry"],"_links":{"self":[{"href":"https:\/\/bvg.lv\/index.php?rest_route=\/wp\/v2\/pages\/4343","targetHints":{"allow":["GET"]}}],"collection":[{"href":"https:\/\/bvg.lv\/index.php?rest_route=\/wp\/v2\/pages"}],"about":[{"href":"https:\/\/bvg.lv\/index.php?rest_route=\/wp\/v2\/types\/page"}],"author":[{"embeddable":true,"href":"https:\/\/bvg.lv\/index.php?rest_route=\/wp\/v2\/users\/1"}],"replies":[{"embeddable":true,"href":"https:\/\/bvg.lv\/index.php?rest_route=%2Fwp%2Fv2%2Fcomments&post=4343"}],"version-history":[{"count":1,"href":"https:\/\/bvg.lv\/index.php?rest_route=\/wp\/v2\/pages\/4343\/revisions"}],"predecessor-version":[{"id":4344,"href":"https:\/\/bvg.lv\/index.php?rest_route=\/wp\/v2\/pages\/4343\/revisions\/4344"}],"wp:attachment":[{"href":"https:\/\/bvg.lv\/index.php?rest_route=%2Fwp%2Fv2%2Fmedia&parent=4343"}],"curies":[{"name":"wp","href":"https:\/\/api.w.org\/{rel}","templated":true}]}}