{"id":4327,"date":"2025-06-04T13:07:37","date_gmt":"2025-06-04T10:07:37","guid":{"rendered":"https:\/\/bvg.lv\/?page_id=4327"},"modified":"2025-06-04T13:07:37","modified_gmt":"2025-06-04T10:07:37","slug":"gada-skolens-klase-2025","status":"publish","type":"page","link":"https:\/\/bvg.lv\/?page_id=4327","title":{"rendered":"\u201cGada skol\u0113ns klas\u0113 &#8211; 2025\u201d"},"content":{"rendered":"\n<figure class=\"wp-block-table\"><table class=\"has-fixed-layout\"><tbody><tr><td>7a.klas\u0113<\/td><td>&nbsp;Marija Maslovska<\/td><\/tr><tr><td>7b.klas\u0113<\/td><td>&nbsp;Ivo Frolovs<\/td><\/tr><tr><td>8a.klas\u0113<\/td><td>&nbsp;El\u012bza An\u010da<\/td><\/tr><tr><td>8b. klas\u0113<\/td><td>&nbsp;T\u012bna Trupovniece<\/td><\/tr><tr><td>8c.klas\u0113<\/td><td>&nbsp;Luisa Marija \u016azuli\u0146a<\/td><\/tr><tr><td>9a.klas\u0113<\/td><td>&nbsp;Nad\u012bna Strupka<\/td><\/tr><tr><td>9b.klas\u0113<\/td><td>&nbsp;Sanija \u0100boli\u0146a<\/td><\/tr><tr><td>9c.klas\u0113<\/td><td>&nbsp;Keita Zahar\u0101ne<\/td><\/tr><tr><td>10a.klas\u0113<\/td><td>&nbsp;Al\u012bna \u0160aic\u0101ne<\/td><\/tr><tr><td>10b.klas\u0113<\/td><td>&nbsp;Guntra Gibala<\/td><\/tr><tr><td>11a.klas\u0113<\/td><td>&nbsp;Matvejs Valujevs<\/td><\/tr><tr><td>11b.klas\u0113<\/td><td>&nbsp;J\u0101nis Jermac\u0101ns&nbsp;<\/td><\/tr><tr><td>11c.klas\u0113<\/td><td>&nbsp;Rojs Kravalis<\/td><\/tr><tr><td>12a.klas\u0113<\/td><td>&nbsp;Artjoms \u0160aic\u0101ns<\/td><\/tr><tr><td>12b.klas\u0113<\/td><td>\u00a0Sindija Raibekaze<\/td><\/tr><\/tbody><\/table><\/figure>\n","protected":false},"excerpt":{"rendered":"<p>7a.klas\u0113 &nbsp;Marija Maslovska 7b.klas\u0113 &nbsp;Ivo Frolovs 8a.klas\u0113 &nbsp;El\u012bza An\u010da 8b. klas\u0113 &nbsp;T\u012bna Trupovniece 8c.klas\u0113 &nbsp;Luisa Marija \u016azuli\u0146a 9a.klas\u0113 &nbsp;Nad\u012bna Strupka 9b.klas\u0113 &nbsp;Sanija \u0100boli\u0146a 9c.klas\u0113 &nbsp;Keita Zahar\u0101ne 10a.klas\u0113 &nbsp;Al\u012bna \u0160aic\u0101ne 10b.klas\u0113 &nbsp;Guntra Gibala 11a.klas\u0113 &nbsp;Matvejs Valujevs 11b.klas\u0113 &nbsp;J\u0101nis Jermac\u0101ns&nbsp; 11c.klas\u0113 &nbsp;Rojs &hellip; <a href=\"https:\/\/bvg.lv\/?page_id=4327\">Turpiniet las\u012bt <span class=\"meta-nav\">&rarr;<\/span><\/a><\/p>\n","protected":false},"author":1,"featured_media":0,"parent":0,"menu_order":0,"comment_status":"closed","ping_status":"closed","template":"","meta":{"ngg_post_thumbnail":0,"footnotes":""},"class_list":["post-4327","page","type-page","status-publish","hentry"],"_links":{"self":[{"href":"https:\/\/bvg.lv\/index.php?rest_route=\/wp\/v2\/pages\/4327","targetHints":{"allow":["GET"]}}],"collection":[{"href":"https:\/\/bvg.lv\/index.php?rest_route=\/wp\/v2\/pages"}],"about":[{"href":"https:\/\/bvg.lv\/index.php?rest_route=\/wp\/v2\/types\/page"}],"author":[{"embeddable":true,"href":"https:\/\/bvg.lv\/index.php?rest_route=\/wp\/v2\/users\/1"}],"replies":[{"embeddable":true,"href":"https:\/\/bvg.lv\/index.php?rest_route=%2Fwp%2Fv2%2Fcomments&post=4327"}],"version-history":[{"count":1,"href":"https:\/\/bvg.lv\/index.php?rest_route=\/wp\/v2\/pages\/4327\/revisions"}],"predecessor-version":[{"id":4328,"href":"https:\/\/bvg.lv\/index.php?rest_route=\/wp\/v2\/pages\/4327\/revisions\/4328"}],"wp:attachment":[{"href":"https:\/\/bvg.lv\/index.php?rest_route=%2Fwp%2Fv2%2Fmedia&parent=4327"}],"curies":[{"name":"wp","href":"https:\/\/api.w.org\/{rel}","templated":true}]}}