{"id":3774,"date":"2025-03-31T09:48:54","date_gmt":"2025-03-31T06:48:54","guid":{"rendered":"https:\/\/bvg.lv\/?page_id=3774"},"modified":"2025-03-31T09:52:22","modified_gmt":"2025-03-31T06:52:22","slug":"pedagogu-profesionalas-kompetences-pilnveides-pasakums-meistarklases-skolotajiem-macisanas-saturs-metodika-istenosana-un-darba-pieredze-23-10-2023","status":"publish","type":"page","link":"https:\/\/bvg.lv\/?page_id=3774","title":{"rendered":"Pedagogu profesion\u0101l\u0101s kompetences pilnveides pas\u0101kums \u2013 meistarklases skolot\u0101jiem \u201cM\u0101c\u012b\u0161anas saturs, metodika, \u012bsteno\u0161ana un darba pieredze\u201d (23.10.2023.)"},"content":{"rendered":"\n<p><a href=\"https:\/\/bvg.lv\/wp-content\/uploads\/2024\/09\/Tiesiskums-musdienu-sabiedriba.pdf\" target=\"_blank\" rel=\"noreferrer noopener\">Tiesiskums m\u016bsdienu sabiedr\u012bb\u0101. Laba likumdo\u0161ana<\/a><\/p>\n\n\n\n<p><a href=\"https:\/\/bvg.lv\/wp-content\/uploads\/2024\/09\/Mana-celojuma-soma_-starpdisciplinara-stunda.pdf\" target=\"_blank\" rel=\"noreferrer noopener\">Starpdisciplin\u0101r\u0101 m\u0101c\u012bbu stunda \u201cMana ce\u013cojuma soma\u201d k\u0101 l\u012bdzeklis m\u0101c\u012bbu procesa organiz\u0101cijai, veicinot sadarb\u012bbu, kas v\u0113rsta uz kvalitat\u012bvu izgl\u012bt\u012bbu<\/a><\/p>\n\n\n\n<p><a href=\"https:\/\/bvg.lv\/wp-content\/uploads\/2024\/09\/Liniju-vienadojums-10.klases.pdf\" target=\"_blank\" rel=\"noreferrer noopener\">L\u012bnijas vien\u0101dojums<\/a><\/p>\n\n\n\n<p><\/p>\n","protected":false},"excerpt":{"rendered":"<p>Tiesiskums m\u016bsdienu sabiedr\u012bb\u0101. Laba likumdo\u0161ana Starpdisciplin\u0101r\u0101 m\u0101c\u012bbu stunda \u201cMana ce\u013cojuma soma\u201d k\u0101 l\u012bdzeklis m\u0101c\u012bbu procesa organiz\u0101cijai, veicinot sadarb\u012bbu, kas v\u0113rsta uz kvalitat\u012bvu izgl\u012bt\u012bbu L\u012bnijas vien\u0101dojums<\/p>\n","protected":false},"author":1,"featured_media":0,"parent":0,"menu_order":0,"comment_status":"closed","ping_status":"closed","template":"","meta":{"ngg_post_thumbnail":0,"footnotes":""},"class_list":["post-3774","page","type-page","status-publish","hentry"],"_links":{"self":[{"href":"https:\/\/bvg.lv\/index.php?rest_route=\/wp\/v2\/pages\/3774","targetHints":{"allow":["GET"]}}],"collection":[{"href":"https:\/\/bvg.lv\/index.php?rest_route=\/wp\/v2\/pages"}],"about":[{"href":"https:\/\/bvg.lv\/index.php?rest_route=\/wp\/v2\/types\/page"}],"author":[{"embeddable":true,"href":"https:\/\/bvg.lv\/index.php?rest_route=\/wp\/v2\/users\/1"}],"replies":[{"embeddable":true,"href":"https:\/\/bvg.lv\/index.php?rest_route=%2Fwp%2Fv2%2Fcomments&post=3774"}],"version-history":[{"count":2,"href":"https:\/\/bvg.lv\/index.php?rest_route=\/wp\/v2\/pages\/3774\/revisions"}],"predecessor-version":[{"id":3778,"href":"https:\/\/bvg.lv\/index.php?rest_route=\/wp\/v2\/pages\/3774\/revisions\/3778"}],"wp:attachment":[{"href":"https:\/\/bvg.lv\/index.php?rest_route=%2Fwp%2Fv2%2Fmedia&parent=3774"}],"curies":[{"name":"wp","href":"https:\/\/api.w.org\/{rel}","templated":true}]}}