{"id":2800,"date":"2024-11-15T11:17:11","date_gmt":"2024-11-15T09:17:11","guid":{"rendered":"https:\/\/bvg.lv\/?page_id=2800"},"modified":"2024-11-15T11:17:11","modified_gmt":"2024-11-15T09:17:11","slug":"linearas-funkcijas-grafika-konstruesana","status":"publish","type":"page","link":"https:\/\/bvg.lv\/?page_id=2800","title":{"rendered":"Line\u0101ras funkcijas grafika konstru\u0113\u0161ana"},"content":{"rendered":"\n<p><a href=\"https:\/\/bvg.lv\/wp-content\/uploads\/2024\/11\/Prezentacija_-Linearas-funkcijas-grafiks.pdf\" target=\"_blank\" rel=\"noreferrer noopener\">Prezent\u0101cija, Line\u0101ras funkcijas grafiks<\/a><\/p>\n\n\n\n<p><a href=\"https:\/\/bvg.lv\/wp-content\/uploads\/2024\/11\/Stundas-plans_Linearas-funkcijas-grafika-konstruesana.pdf\" target=\"_blank\" rel=\"noreferrer noopener\">Stundas pl\u0101ns, Line\u0101ras funkcijas grafika konstru\u0113\u0161ana<\/a><\/p>\n\n\n\n<p><\/p>\n","protected":false},"excerpt":{"rendered":"<p>Prezent\u0101cija, Line\u0101ras funkcijas grafiks Stundas pl\u0101ns, Line\u0101ras funkcijas grafika konstru\u0113\u0161ana<\/p>\n","protected":false},"author":1,"featured_media":0,"parent":0,"menu_order":0,"comment_status":"closed","ping_status":"closed","template":"","meta":{"ngg_post_thumbnail":0,"footnotes":""},"class_list":["post-2800","page","type-page","status-publish","hentry"],"_links":{"self":[{"href":"https:\/\/bvg.lv\/index.php?rest_route=\/wp\/v2\/pages\/2800","targetHints":{"allow":["GET"]}}],"collection":[{"href":"https:\/\/bvg.lv\/index.php?rest_route=\/wp\/v2\/pages"}],"about":[{"href":"https:\/\/bvg.lv\/index.php?rest_route=\/wp\/v2\/types\/page"}],"author":[{"embeddable":true,"href":"https:\/\/bvg.lv\/index.php?rest_route=\/wp\/v2\/users\/1"}],"replies":[{"embeddable":true,"href":"https:\/\/bvg.lv\/index.php?rest_route=%2Fwp%2Fv2%2Fcomments&post=2800"}],"version-history":[{"count":1,"href":"https:\/\/bvg.lv\/index.php?rest_route=\/wp\/v2\/pages\/2800\/revisions"}],"predecessor-version":[{"id":2806,"href":"https:\/\/bvg.lv\/index.php?rest_route=\/wp\/v2\/pages\/2800\/revisions\/2806"}],"wp:attachment":[{"href":"https:\/\/bvg.lv\/index.php?rest_route=%2Fwp%2Fv2%2Fmedia&parent=2800"}],"curies":[{"name":"wp","href":"https:\/\/api.w.org\/{rel}","templated":true}]}}